(q) = -7*q + 63. Let g be c(11). Let b(k) = -8*k + 106. What is the tens digit of b(g)?
1
Suppose -5*p - 7 = 2*l + 2, 0 = 2*l - 5*p - 41. Suppose 713 - 2285 = -5*u + 2*b, 2*b - l = 0. What is the hundreds digit of u?
3
Suppose -4*h + 3*j - 14116 + 42968 = 0, 5*h = 5*j + 36075. What is the thousands digit of h?
7
Let x be (-6)/(-9) - (-509)/(-3). Let f = 279 + x. Let c = f - 91. What is the units digit of c?
9
Suppose -12*o + 17*o + 2*j = 11940, 0 = -4*o + 3*j + 9575. Suppose b + o = 2*v + 2*v, -1184 = -2*v - 5*b. What is the tens digit of v?
9
Let j be (6/3)/((-11)/(-1716)). Suppose -3*i + u - 6*u - 237 = 0, 5*i - 2*u = -426. Let c = j + i. What is the units digit of c?
8
Suppose -11*o + 22932 = -11*o + 4*o. What is the units digit of o?
3
Let b(t) = -2283*t + 4984. What is the ten thousands digit of b(-13)?
3
Let i(s) = -s**2 - 7*s - 4. Let p be i(-6). Suppose -p*q - 19 = -3. Let w(b) = -b + 8. What is the units digit of w(q)?
6
Let o(z) = -2*z**2 - 302*z - 370. What is the thousands digit of o(-103)?
9
Suppose -3*t = t - 2*o + 36, 4*t - o + 34 = 0. Let h be ((-4)/2 - (-4)/t)*-2. Suppose z = -h*c + 471, -5 = -3*c + z + 276. What is the units digit of c?
4
Suppose x + 3*k - k + 3 = 0, -3*x + 3*k = -18. Let o be 5 - (8 + (-12)/x). Suppose -10 = -3*r - o. What is the units digit of r?
3
Suppose -4*j + 14 = 2*p, -1 + 4 = j + p. Suppose 2*d = -j*v - 238, 122 = -2*v - 0*v + 2*d. Let x = 240 + v. What is the units digit of x?
0
Let t(w) be the first derivative of 4*w**3/3 - 3*w**2 + 7*w - 662. Let f be (-80)/(-12) + 2/(-3). What is the tens digit of t(f)?
1
Let q be (-39)/(-2)*(-12)/18 - -3. Let g(j) = -j**2 + 1. Let l(v) = v**3 + 17*v**2 - 3*v - 5. Let i(y) = 6*g(y) + l(y). What is the units digit of i(q)?
1
Let f = 15883 + 1505. Suppose 23*q + f = 44*q. What is the hundreds digit of q?
8
Suppose 3404 = t + 3*q, 4*t + t - 17058 = 4*q. Suppose -t - 3658 = -12*l. What is the tens digit of l?
8
Suppose 5*i + x = 35, x = i + 40 - 53. Let f be (-1 - 0)/((-2)/1076). Suppose f = i*u - 870. What is the tens digit of u?
7
Suppose -128 = -8*s + 216. Let a = -46 + s. Let y(m) = 17*m**2 + 5*m - 6. What is the units digit of y(a)?
2
Suppose a - 95 + 87 = 0. Let j be (59/(-4))/((-18)/a + 2). Suppose 4*m - 256 = 3*p, -m + 3*p - p + j = 0. What is the tens digit of m?
6
Let o(m) = 3*m**3 - 17*m**2 + 21*m - 17. Let c(q) = 2*q**3 - 8*q**2 + 10*q - 8. Let t(n) = 13*c(n) - 6*o(n). Let x = -38 - -40. What is the units digit of t(x)?
2
Let s = 14360 + -12559. What is the tens digit of s?
0
Let z(m) = -m**3 + 59*m**2 - 188*m + 21. What is the hundreds digit of z(35)?
8
Let l = -6403 + 12105. What is the thousands digit of l?
5
Let v(i) = -i**3 + 16*i**2 + 21*i + 34. Let y be v(17). Let r = y + 62. What is the units digit of r?
4
Suppose -11*o = u - 8*o - 31572, -3*u - 4*o + 94716 = 0. What is the hundreds digit of u?
5
Suppose -7*l - 12 = 5*m - 5*l, -2*m + 4*l = 0. What is the tens digit of (0/m + 36)*91/91?
3
Suppose 4*t + 62 = -5*u, -9 = -4*u - 1. Let b be (19/57)/((-2)/t). Suppose -2*x = b*f - 40, 3*x - 2*f - 67 = -3*f. What is the units digit of x?
3
Let t = 52798 + -30589. What is the ten thousands digit of t?
2
Let p(n) = n**3 + 13*n**2 + n + 17. Let b be p(-13). Let y be 1/2 + 78/b. Suppose 5*c = -y, -53 = -u + 2*c + 7. What is the tens digit of u?
5
Let n(o) = 2 + o**2 + 14*o + 4 + 2. Suppose 0 = -t - d + 7, -42 = -5*t + 4*d - 16. What is the hundreds digit of n(t)?
1
Let w(x) = x**3 - 17*x**2 - x + 25. Let m be (2 + -3)*68/(-4). Let k be w(m). Suppose k*o - 3*o - 655 = 0. What is the hundreds digit of o?
1
Let f(o) = -1747*o - 932. What is the units digit of f(-5)?
3
Let k(x) = 2*x + 74. Let a be k(-22). Let j(w) = 2*w**2 - 47*w - 6. What is the hundreds digit of j(a)?
3
Suppose -5*l = -53 - 242. Suppose 3*p - 186 = -3*t, -5*p + 3*p + l = t. Suppose 5*c = 260 + t. What is the units digit of c?
5
Let o(f) = -2*f**2 - 5*f + 5. Let s be o(-5). Let u be 202*-1*s/40. Suppose -2*z = t - u, -3*t - z = -6*t + 282. What is the tens digit of t?
9
Let m = 36175 - -8015. What is the units digit of m?
0
Let m(a) = 559*a**2 - 230*a + 1128. What is the hundreds digit of m(5)?
9
Let m = -26 + 32. Let u be (-3 + 8/3)*m. What is the tens digit of (-4)/18 - (4224/27)/u?
7
Let v(c) = 258*c**2 + 23*c + 14. Let x(b) = 86*b**2 + 8*b + 5. Let p(j) = 6*v(j) - 17*x(j). Suppose -13 = -4*w - 9. What is the tens digit of p(w)?
8
Let k be (-1)/(-6) + 6 + (-86)/12. What is the units digit of (k/(-1))/((-3)/(-201))?
7
Let q be 60/330 - (432/22)/(-2). What is the tens digit of 129/215 + 4754/q?
7
Let f(k) be the second derivative of 4*k**3 + 65*k**2 - 5*k. What is the units digit of f(34)?
6
Let g(q) = 10*q**3 - 3*q**2 + 26*q - 163. What is the units digit of g(7)?
2
Let n = 49 + -49. Let p(d) = 2*d**2 + 2*d - 46. Let v be p(n). Let q = v + 59. What is the tens digit of q?
1
Let v(d) = -d**3 + 3*d**2 + d - 1. Let w be v(3). Let k(n) = 12*n**3 - 6*n**2 - n + 1. What is the units digit of k(w)?
1
Let b = -130 + 156. Let d be 7*18/b - 10/(-65). Suppose -d*v + 409 = -6. What is the tens digit of v?
8
Let v(b) = 9*b - 13. Suppose -w - 4*z = -24, -6*w = -5*w - 4*z + 16. Let d be v(w). Suppose 0 = 21*u - d*u + 344. What is the hundreds digit of u?
1
Let w = 3236 - -12531. What is the thousands digit of w?
5
Suppose -7*d - d + 83856 = 15608. What is the tens digit of d?
3
Let j be 1*(-9)/45 + (-38073)/(-15). Let v = j + -1513. What is the thousands digit of v?
1
Suppose 0 = 1030*o - 1027*o - 4*w - 2773, -15 = -3*w. What is the tens digit of o?
3
Suppose -10 = -2*p + 4*q, 0*q + 5*q + 18 = 3*p. Let r(v) = v**3 - 7*v**2 - 20*v + 8. What is the units digit of r(p)?
2
Let c(z) = -5*z**3 - 44*z**2 - 39*z + 78. What is the hundreds digit of c(-18)?
6
Let x(o) = -o**3 + 40*o**2 - 11*o - 106. What is the tens digit of x(30)?
6
Let v be 2740*((-10)/(-36) - (-2)/9). Let f = -745 + v. What is the hundreds digit of f?
6
Let m(o) = -2*o**2 - 12*o - 6. Let z be m(-6). Let p be (-63)/(-14)*z/(-9). Suppose 3*a + 0*k + 3*k - 144 = 0, -p*k - 40 = -a. What is the units digit of a?
6
Suppose -4225098 = -240*i + 3622422. What is the ten thousands digit of i?
3
Let a(d) = 672*d**2 + 323*d - 2800. What is the hundreds digit of a(9)?
5
Let n be (0/(-3) - -2)/(-12 + 13). Suppose 11*a + n*a = 5369. What is the units digit of a?
3
Let m = 3 + -228. Let s = m + 355. What is the hundreds digit of s?
1
Let v be -7*1 - 2*(-9)/6. Let s be (-18)/(-2)*v/(-4). Suppose 332 = -s*m + 1628. What is the hundreds digit of m?
1
Let j = 2486 - -6339. What is the units digit of j?
5
Let t(i) = i**3 - 2*i**2 - i - 2. Let r be t(0). Let m(h) = -25*h - 6. Let l be m(r). Let g = 62 - l. What is the tens digit of g?
1
Suppose 6246 = -4*l + 26521 + 8581. What is the tens digit of l?
1
Let q be (3 + -36 + 2)*(-118 + 25). Let r = -2043 + q. What is the hundreds digit of r?
8
Suppose -4*t - 2*p + 4 = 12, 3*t = -p - 4. Suppose -17*y + 21*y = s - 383, 5*y + 15 = t. What is the units digit of s?
1
Let h be (-32)/(-24) + (10/6 - 1). Suppose 4*b + h*r + 2 = 0, 6*r = -2*b + 2*r + 14. What is the units digit of (42*-7)/(b/(-6)*-4)?
7
Let z be (-4 - (-3540)/34) + (-2)/17. Let o = 282 - z. What is the units digit of o?
2
Suppose -498*i + 506*i = 34144. Suppose 4*k - i = -7*k. What is the tens digit of k?
8
Let j(r) = 753*r - 784. What is the units digit of j(5)?
1
Let i(d) = 7*d**2 + 48*d. Let a be i(24). Suppose -2*f + 2592 = y, -4*f + a = 27*y - 23*y. What is the units digit of f?
6
Let l(b) = -6*b**3 - 26*b**2 + 2*b - 5. Suppose -2*a - 6 = 0, 4*n = -0*a - 3*a - 33. What is the units digit of l(n)?
3
Let b(q) = -q**3 + q**2 - 8*q + 30. Let w be b(7). What is the units digit of w/24*(-27)/15?
4
Suppose 0 = -263*m + 4990203 + 2685221 + 1089051. What is the units digit of m?
5
Let x(g) = 3*g**3 + 11*g**2 + 69*g - 627. What is the units digit of x(10)?
3
Let q = 3858 - 859. What is the tens digit of q?
9
Suppose 6*y = 5*v + 2*y - 20, 3*v = 5*y + 25. Let t(x) = -1 + 5*x + 1 + 5 + v*x. What is the units digit of t(7)?
0
Let t be ((-273)/(-7))/((-1)/(-26)). Let y = 1663 - t. What is the tens digit of y?
4
Let z be (-5)/(-3 - 4/(-8)). Suppose -5*y + 2*v = -680, -y - z*v = 2*v - 114. Let s = y - 47. What is the tens digit of s?
8
Suppose -46*h + 234117 = -2121405. W